{"id":1786,"date":"2016-05-01T16:30:58","date_gmt":"2016-05-01T15:30:58","guid":{"rendered":"http:\/\/www.familledelabrie.fr\/?page_id=1786"},"modified":"2016-05-07T10:03:05","modified_gmt":"2016-05-07T09:03:05","slug":"fiche-compagnie-pour-le-projet-unesco","status":"publish","type":"page","link":"https:\/\/www.familledelabrie.fr\/?page_id=1786","title":{"rendered":"Fiche recensement compagnie pour le projet Unesco"},"content":{"rendered":"<p>Bonjour \u00e0 tous,<\/p>\n<div>A la suite de\u00a0la r\u00e9union de Cr\u00e9py en Valois du 6 d\u00e9cembre 2014\u00a0o\u00f9 l\u2019id\u00e9e d\u2019une troisi\u00e8me fiche\u00a0renseign\u00e9e\u00a0par les\u00a0compagnies ,\u00a0vous avez \u00e9t\u00e9 pr\u00e9sent\u00e9e ,\u00a0le comit\u00e9 de pilotage\u00a0a\u00a0 \u00e9labor\u00e9 un document de r\u00e9f\u00e9rence.<\/div>\n<div>Ce document est une premi\u00e8re, il n&rsquo;est donc pas parfait mais il vise assez bien l&rsquo;exhaustivit\u00e9.\u00a0Nous avons \u00a0choisi d\u2019utiliser un simple tableau excel, en g\u00e9n\u00e9ral compatible avec la majorit\u00e9 des postes informatiques actuels et plus facilement transf\u00e9rable ensuite sur base de donn\u00e9es.<\/div>\n<div>Avant de vous laisser le parcourir et le compl\u00e9ter, quelques recommandations qui pourront faciliter le travail d&rsquo;inventaire :<\/div>\n<div>-Tout d&rsquo;abord, l&rsquo;inventaire et le recensement patrimonial constituent un vrai m\u00e9tier qui exige rigueur, pr\u00e9cision, patience, m\u00e9thode,\u00a0\u00a0l&rsquo;id\u00e9e est d&rsquo;essayer (m\u00eame si ce n&rsquo;est pas toujours \u00e9vident) de mobiliser au moins une personne par compagnie qui se chargera, avec l&rsquo;aval de son Capitaine de lancer ces recherches.<\/div>\n<div>-Le document\u00a0 est un tableau \u00ab\u00a0normalis\u00e9\u00a0\u00bb qui peut ne pas correspondre totalement aux r\u00e9sultats des recherches et aux situations particuli\u00e8res : parfois, certaines informations ne rentreront pas dans les cases, d&rsquo;autres\u00a0le pourront<\/div>\n<div>dans plusieurs. Il est aussi possible que nous ayons oubli\u00e9 un pan important. Dans ces cas, n&rsquo;h\u00e9sitez pas \u00e0 nous contacter pour que nous r\u00e9fl\u00e9chissions ensemble au meilleur moyen d&rsquo;int\u00e9grer ces \u00e9l\u00e9ments dans le recensement.<\/div>\n<div>-Il existe plusieurs feuilles \u00e0 ce tableur : la premi\u00e8re concerne les questions relatives aux \u00ab\u00a0compagnies d&rsquo;arc\u00a0\u00bb\u00a0;<\/div>\n<div>\u00a0la seconde l&rsquo;inventaire pour les \u00ab\u00a0jeux et jardins d&rsquo;arcs\u00a0\u00bb ; la troisi\u00e8me traite des documents annexes avec des rep\u00e8res sur les formats et les besoins ; la derni\u00e8re est un mod\u00e8le pour recenser les objets qui para\u00eetront dignes d&rsquo;int\u00e9r\u00eat afin, \u00e0 terme, de constituer un recensement national.<\/div>\n<div>-Le travail de recensement peut s&rsquo;agr\u00e9menter de photographies, de vid\u00e9os, d&rsquo;interviews de t\u00e9moins importants qui sont des m\u00e9moires pour la compagnie. Nous avons r\u00e9alis\u00e9 plusieurs feuilles dans ce tableau excel et les derni\u00e8res traitent justement des pi\u00e8ces annexes, des formats n\u00e9cessaires etc&#8230; L\u00e0 encore, nous restons \u00e0 votre disposition pour en parler car documenter les recherches serait bien s\u00fbr tr\u00e8s int\u00e9ressant. Le mieux \u00e0 l&rsquo;heure actuelle est de constituer des cd et\/ou dvd recensant les annexes du travail de chaque compagnie.<\/div>\n<div><\/div>\n<div>Nous vous remercions \u00a0par avance\u00a0pour votre mobilisation et\u00a0pour l\u2019\u00e9nergie que vous saurez impulser pour ce projet qui est\u00a0le v\u00f4tre, notamment en compl\u00e9tant ce questionnaire et en nous le retournant par mail <a href=\"mailto:marion.roux@mairie-crepy-en-valois.fr\" target=\"_blank\" rel=\"nofollow\">marion.roux@mairie-crepy-en-valois.fr<\/a>;<\/div>\n<div>N&rsquo;h\u00e9sitez pas \u00e0 relayer ce message.<\/div>\n<div><\/div>\n<div>Demeurant \u00e0 votre \u00e9coute, nous vous souhaitons \u00a0un tr\u00e8s bel \u00e9t\u00e9 et de bonnes recherches,<\/div>\n<div>A bient\u00f4t,<\/div>\n<div>Bien amicalement.<\/div>\n<div><\/div>\n<div><em>Le comit\u00e9 de pilotage du projet de reconnaissance du Bouquet Provincial au titre de Patrimoine Culturel Immat\u00e9riel de l\u2019Humanit\u00e9 de l\u2019UNESCO<\/em><\/div>\n<div><\/div>\n<div>Marion ROUX DURAND\u00a0\u00a0\u00a0\u00a0\u00a0\u00a0 Fr\u00e9d\u00e9rick PRYKA<\/div>\n<div><span style=\"color: #1f497d;\">T\u00e9l : 03.44.59.21.97 \u00a0 \u00a0 \u00a0 \u00a0 \u00a0 \u00a0 01.75.99.65.88 (nouveau tel)<br \/>\n<\/span><\/div>\n<div><\/div>\n<div><a href=\"https:\/\/www.familledelabrie.fr\/wp-content\/uploads\/2016\/05\/Inventaire-jeux-darc-et-compagnies-1.xlsx\">Inventaire &#8211; jeux d&rsquo;arc et compagnies-1<\/a><\/div>\n<div><\/div>\n<div>Fiche de soutien individuel papier (<a href=\"https:\/\/www.familledelabrie.fr\/wp-content\/uploads\/2016\/05\/signatures_bouquet_unesco.pdf\">signatures_bouquet_unesco<\/a>)\u00a0\u00e0 retourner aux m\u00eames adresses<\/div>\n","protected":false},"excerpt":{"rendered":"<p>Bonjour \u00e0 tous, A la suite de\u00a0la r\u00e9union de Cr\u00e9py en Valois du 6 d\u00e9cembre 2014\u00a0o\u00f9 l\u2019id\u00e9e d\u2019une troisi\u00e8me fiche\u00a0renseign\u00e9e\u00a0par les\u00a0compagnies ,\u00a0vous avez \u00e9t\u00e9 pr\u00e9sent\u00e9e ,\u00a0le comit\u00e9 de pilotage\u00a0a\u00a0 \u00e9labor\u00e9 un document de r\u00e9f\u00e9rence. Ce document est une premi\u00e8re, il n&rsquo;est donc pas parfait mais il vise assez bien l&rsquo;exhaustivit\u00e9.\u00a0Nous avons \u00a0choisi d\u2019utiliser un simple &hellip; <a href=\"https:\/\/www.familledelabrie.fr\/?page_id=1786\" class=\"more-link\">Continuer la lecture de <span class=\"screen-reader-text\">Fiche recensement compagnie pour le projet Unesco<\/span> <span class=\"meta-nav\">&rarr;<\/span><\/a><\/p>\n","protected":false},"author":1,"featured_media":0,"parent":0,"menu_order":0,"comment_status":"closed","ping_status":"closed","template":"","meta":{"_bbp_topic_count":0,"_bbp_reply_count":0,"_bbp_total_topic_count":0,"_bbp_total_reply_count":0,"_bbp_voice_count":0,"_bbp_anonymous_reply_count":0,"_bbp_topic_count_hidden":0,"_bbp_reply_count_hidden":0,"_bbp_forum_subforum_count":0,"ngg_post_thumbnail":0,"footnotes":""},"class_list":["post-1786","page","type-page","status-publish","hentry"],"_links":{"self":[{"href":"https:\/\/www.familledelabrie.fr\/index.php?rest_route=\/wp\/v2\/pages\/1786","targetHints":{"allow":["GET"]}}],"collection":[{"href":"https:\/\/www.familledelabrie.fr\/index.php?rest_route=\/wp\/v2\/pages"}],"about":[{"href":"https:\/\/www.familledelabrie.fr\/index.php?rest_route=\/wp\/v2\/types\/page"}],"author":[{"embeddable":true,"href":"https:\/\/www.familledelabrie.fr\/index.php?rest_route=\/wp\/v2\/users\/1"}],"replies":[{"embeddable":true,"href":"https:\/\/www.familledelabrie.fr\/index.php?rest_route=%2Fwp%2Fv2%2Fcomments&post=1786"}],"version-history":[{"count":4,"href":"https:\/\/www.familledelabrie.fr\/index.php?rest_route=\/wp\/v2\/pages\/1786\/revisions"}],"predecessor-version":[{"id":1883,"href":"https:\/\/www.familledelabrie.fr\/index.php?rest_route=\/wp\/v2\/pages\/1786\/revisions\/1883"}],"wp:attachment":[{"href":"https:\/\/www.familledelabrie.fr\/index.php?rest_route=%2Fwp%2Fv2%2Fmedia&parent=1786"}],"curies":[{"name":"wp","href":"https:\/\/api.w.org\/{rel}","templated":true}]}}